t is the ten thousands digit of 35439660?
3
What is the units digit of 768152129?
9
What is the hundred thousands digit of 21291765?
2
What is the thousands digit of 1195897383?
7
What is the hundreds digit of 3528708667?
6
What is the thousands digit of 61308407?
8
What is the hundreds digit of 266867665?
6
What is the millions digit of 643844643?
3
What is the millions digit of 268240386?
8
What is the thousands digit of 276044845?
4
What is the thousands digit of 76354095?
4
What is the ten millions digit of 179776134?
7
What is the thousands digit of 343584358?
4
What is the units digit of 257330315?
5
What is the units digit of 38708818?
8
What is the thousands digit of 118570460?
0
What is the hundred millions digit of 706295482?
7
What is the hundred millions digit of 505621071?
5
What is the units digit of 137720522?
2
What is the tens digit of 521789978?
7
What is the ten millions digit of 125093810?
2
What is the hundred millions digit of 134390095?
1
What is the hundred thousands digit of 245391479?
3
What is the hundred thousands digit of 174819348?
8
What is the hundreds digit of 3767226?
2
What is the hundred millions digit of 159066069?
1
What is the units digit of 126445179?
9
What is the thousands digit of 394585867?
5
What is the tens digit of 3534943?
4
What is the billions digit of 1338154686?
1
What is the tens digit of 2277772113?
1
What is the thousands digit of 706913513?
3
What is the ten thousands digit of 238155502?
5
What is the units digit of 2638830?
0
What is the thousands digit of 103482253?
2
What is the hundreds digit of 58013946?
9
What is the tens digit of 8991807?
0
What is the thousands digit of 281728010?
8
What is the thousands digit of 299774042?
4
What is the tens digit of 794631980?
8
What is the units digit of 45800847?
7
What is the hundred thousands digit of 4022648251?
6
What is the hundreds digit of 1385413860?
8
What is the ten millions digit of 4331007222?
3
What is the tens digit of 80230429?
2
What is the ten thousands digit of 55007175?
0
What is the ten millions digit of 341519404?
4
What is the tens digit of 290700908?
0
What is the thousands digit of 2018243590?
3
What is the hundreds digit of 419439467?
4
What is the hundred thousands digit of 19661461?
6
What is the hundreds digit of 3423344116?
1
What is the millions digit of 134317625?
4
What is the tens digit of 106437933?
3
What is the ten millions digit of 66860020?
6
What is the ten millions digit of 298129495?
9
What is the units digit of 151220638?
8
What is the hundred millions digit of 991908739?
9
What is the thousands digit of 120142135?
2
What is the hundreds digit of 385182373?
3
What is the thousands digit of 1840146332?
6
What is the ten millions digit of 628804915?
2
What is the thousands digit of 27017636?
7
What is the hundred thousands digit of 1495756677?
7
What is the millions digit of 544807934?
4
What is the hundreds digit of 61903641?
6
What is the hundreds digit of 805721?
7
What is the thousands digit of 231269232?
9
What is the units digit of 83600088?
8
What is the hundreds digit of 1265636572?
5
What is the ten thousands digit of 44586900?
8
What is the millions digit of 311508951?
1
What is the hundreds digit of 6733224?
2
What is the tens digit of 231959969?
6
What is the hundred millions digit of 516202454?
5
What is the hundreds digit of 1127804508?
5
What is the hundreds digit of 2688914556?
5
What is the units digit of 19177677?
7
What is the units digit of 70202325?
5
What is the hundreds digit of 485504882?
8
What is the hundred thousands digit of 99139504?
1
What is the millions digit of 42710340?
2
What is the billions digit of 1111084219?
1
What is the tens digit of 43049481?
8
What is the tens digit of 412104264?
6
What is the hundred millions digit of 165915700?
1
What is the units digit of 1905846854?
4
What is the hundreds digit of 724179362?
3
What is the units digit of 3159304019?
9
What is the units digit of 313427344?
4
What is the hundred thousands digit of 3098501248?
5
What is the ten millions digit of 2362779013?
6
What is the tens digit of 18676659?
5
What is the tens digit of 456437260?
6
What is the ten thousands digit of 313466007?
6
What is the hundred thousands digit of 1584825960?
8
What is the hundreds digit of 89846396?
3
What is the units digit of 28504267?
7
What is the hundred millions digit of 845207477?
8
What is the thousands digit of 369888667?
8
What is the thousands digit of 733960091?
0
What is the hundreds digit of 599022592?
5
What is the ten millions digit of 1957100407?
5
What is the ten thousands digit of 1616059392?
5
What is the ten millions digit of 17623023?
1
What is the hundred thousands digit of 5143821944?
8
What is the hundreds digit of 19809992?
9
What is the hundreds digit of 203502424?
4
What is the millions digit of 322420259?
2
What is the ten thousands digit of 313608445?
0
What is the ten thousands digit of 404532515?
3
What is the tens digit of 263109213?
1
What is the ten millions digit of 95202409?
9
What is the ten thousands digit of 114974313?
7
What is the hundred thousands digit of 62494621?
4
What is the ten millions digit of 6179025945?
7
What is the ten millions digit of 102868073?
0
What is the hundred millions digit of 2175492858?
1
What is the hundred thousands digit of 247480994?
4
What is the thousands digit of 75924161?
4
What is the millions digit of 9285913?
9
What is the ten thousands digit of 592512362?
1
What is the billions digit of 4104040994?
4
What is the hundreds digit of 805349271?
2
What is the ten millions digit of 1013477332?
1
What is the tens digit of 34600075?
7
What is the tens digit of 219831348?
4
What is the hundred millions digit of 1059193456?
0
What is the units digit of 1695940322?
2
What is the hundreds digit of 4839808939?
9
What is the hundreds digit of 9165272?
2
What is the units digit of 174027556?
6
What is the hundred thousands digit of 1390924572?
9
What is the thousands digit of 1298500777?
0
What is the thousands digit of 2375390798?
0
What is the hundred thousands digit of 2573989500?
9
What is the hundred millions digit of 845420594?
8
What is the units digit of 4083536129?
9
What is the thousands digit of 967310331?
0
What is the ten thousands digit of 490861826?
6
What is the ten thousands digit of 2309493336?
9
What is the ten thousands digit of 4791833568?
3
What is the hundred thousands digit of 114217592?
2
What is the ten millions digit of 5592106585?
9
What is the ten thousands digit of 92238501?
3
What is the hundreds digit of 82451858?
8
What is the millions digit of 130089371?
0
What is the ten millions digit of 11914407?
1
What is the ten millions digit of 53221763?
5
What is the hundreds digit of 306852707?
7
What is the ten thousands digit of 902330219?
3
What is the ten millions digit of 2034058716?
3
What is the thousands digit of 361398716?
8
What is the hundred thousands digit of 45894027?
8
What is the hundred millions digit of 478910020?
4
What is the thousands digit of 9985613?
5
What is the units digit of 267878742?
2
What is the hundred millions digit of 372536687?
3
What is the ten thousands digit of 1406150920?
5
What is the hundred thousands digit of 11542551?
5
What is the ten millions digit of 436810207?
3
What is the tens digit of 241521658?
5
What is the hundreds digit of 141363375?
3
What is the hundred thousands digit of 820424178?
4
What is the ten millions digit of 178572086?
7
What is the hundred thousands digit of 44318976?
3
What is the ten millions digit of 293659974?
9
What is the millions digit of 55471930?
5
What is the ten thousands digit of 45532019?
3
What is the tens digit of 39066013?
1
What is the tens digit of 311827608?
0
What is the units digit of 112095849?
9
What is the units digit of 2163776056?
6
What is the tens digit of 198167142?
4
What is the millions digit of 5000835249?
0
What is the millions digit of 505057635?
5
What is the millions digit of 537115993?
7
What is the thousands digit of 519218862?
8
What is the ten thousands digit of 124114967?
1
What is the tens digit of 2288524581?
8
What is the millions digit of 257352428?
7
What is the units digit of 7542579?
9
What is the ten millions digit of 233302231?
3
What is the ten t